{"id":123,"date":"2021-02-23T18:02:20","date_gmt":"2021-02-23T21:02:20","guid":{"rendered":"http:\/\/portfolio.360br.com.br\/projetoeutenhovoz\/?page_id=123"},"modified":"2021-02-24T12:21:45","modified_gmt":"2021-02-24T15:21:45","slug":"cadastre-se","status":"publish","type":"page","link":"https:\/\/www.eutenhovoz.com.br\/projetoeutenhovoznarede\/cadastre-se\/","title":{"rendered":"Cadastre-se"},"content":{"rendered":"\t\t<div data-elementor-type=\"wp-page\" data-elementor-id=\"123\" class=\"elementor elementor-123\" data-elementor-settings=\"[]\">\n\t\t\t\t\t\t\t<div class=\"elementor-section-wrap\">\n\t\t\t\t\t\t\t<section class=\"elementor-section elementor-top-section elementor-element elementor-element-a8e144b elementor-section-boxed elementor-section-height-default elementor-section-height-default\" data-id=\"a8e144b\" data-element_type=\"section\">\n\t\t\t\t\t\t<div class=\"elementor-container elementor-column-gap-default\">\n\t\t\t\t\t<div class=\"elementor-column elementor-col-100 elementor-top-column elementor-element elementor-element-11c8555\" data-id=\"11c8555\" data-element_type=\"column\">\n\t\t\t<div class=\"elementor-widget-wrap elementor-element-populated\">\n\t\t\t\t\t\t\t\t<div class=\"elementor-element elementor-element-32c0991 elementor-widget elementor-widget-heading\" data-id=\"32c0991\" data-element_type=\"widget\" data-widget_type=\"heading.default\">\n\t\t\t\t<div class=\"elementor-widget-container\">\n\t\t\t<h2 class=\"elementor-heading-title elementor-size-default\">Cadastre-se aqui para receber o projeto na sua institui\u00e7\u00e3o <\/h2>\t\t<\/div>\n\t\t\t\t<\/div>\n\t\t\t\t<div class=\"elementor-element elementor-element-cbb04fd formulario-denuncia elementor-widget elementor-widget-shortcode\" data-id=\"cbb04fd\" data-element_type=\"widget\" data-widget_type=\"shortcode.default\">\n\t\t\t\t<div class=\"elementor-widget-container\">\n\t\t\t\t\t<div class=\"elementor-shortcode\"><div role=\"form\" class=\"wpcf7\" id=\"wpcf7-f5-o1\" lang=\"pt-BR\" dir=\"ltr\">\n<div class=\"screen-reader-response\"><p role=\"status\" aria-live=\"polite\" aria-atomic=\"true\"><\/p> <ul><\/ul><\/div>\n<form action=\"\/projetoeutenhovoznarede\/wp-json\/wp\/v2\/pages\/123#wpcf7-f5-o1\" method=\"post\" class=\"wpcf7-form init\" novalidate=\"novalidate\" data-status=\"init\">\n<div style=\"display: none;\">\n<input type=\"hidden\" name=\"_wpcf7\" value=\"5\" \/>\n<input type=\"hidden\" name=\"_wpcf7_version\" value=\"5.3.2\" \/>\n<input type=\"hidden\" name=\"_wpcf7_locale\" value=\"pt_BR\" \/>\n<input type=\"hidden\" name=\"_wpcf7_unit_tag\" value=\"wpcf7-f5-o1\" \/>\n<input type=\"hidden\" name=\"_wpcf7_container_post\" value=\"0\" \/>\n<input type=\"hidden\" name=\"_wpcf7_posted_data_hash\" value=\"\" \/>\n<\/div>\n<div class=\"clearfix\"><\/div>\n<div class=\"col-md-9\">\n   <label><span class=\"wpcf7-form-control-wrap nome\"><input type=\"text\" name=\"nome\" value=\"\" size=\"40\" class=\"wpcf7-form-control wpcf7-text wpcf7-validates-as-required nome\" id=\"nome\" aria-required=\"true\" aria-invalid=\"false\" placeholder=\"Nome completo:\" \/><\/span><\/label>\n<\/div>\n<div class=\"col-md-3\">\n   <label><span class=\"wpcf7-form-control-wrap data\"><input type=\"text\" name=\"data\" value=\"\" size=\"40\" class=\"wpcf7-form-control wpcf7-text wpcf7-validates-as-required data_nascimento\" id=\"data_nascimento\" aria-required=\"true\" aria-invalid=\"false\" placeholder=\"Data de nascimento:\" \/><\/span><\/label>\n<\/div>\n<div class=\"clearfix\"><\/div>\n<div class=\"col-md-9\">\n   <label><span class=\"wpcf7-form-control-wrap endereco\"><input type=\"text\" name=\"endereco\" value=\"\" size=\"40\" class=\"wpcf7-form-control wpcf7-text wpcf7-validates-as-required endereco\" id=\"endereco\" aria-required=\"true\" aria-invalid=\"false\" placeholder=\"Endere\u00e7o:\" \/><\/span><\/label>\n<\/div>\n<div class=\"col-md-3\">\n   <label><span class=\"wpcf7-form-control-wrap numero\"><input type=\"text\" name=\"numero\" value=\"\" size=\"40\" class=\"wpcf7-form-control wpcf7-text wpcf7-validates-as-required numero\" id=\"numero\" aria-required=\"true\" aria-invalid=\"false\" placeholder=\"N\u00famero:\" \/><\/span><\/label>\n<\/div>\n<div class=\"clearfix\"><\/div>\n<div class=\"col-md-6\">\n   <label><span class=\"wpcf7-form-control-wrap complemento\"><input type=\"text\" name=\"complemento\" value=\"\" size=\"40\" class=\"wpcf7-form-control wpcf7-text wpcf7-validates-as-required complemento\" id=\"complemento\" aria-required=\"true\" aria-invalid=\"false\" placeholder=\"Complemento:\" \/><\/span><\/label>\n<\/div>\n<div class=\"col-md-6\">\n   <label><span class=\"wpcf7-form-control-wrap bairro\"><input type=\"text\" name=\"bairro\" value=\"\" size=\"40\" class=\"wpcf7-form-control wpcf7-text wpcf7-validates-as-required bairro\" id=\"bairro\" aria-required=\"true\" aria-invalid=\"false\" placeholder=\"Bairro:\" \/><\/span><\/label>\n<\/div>\n<div class=\"clearfix\"><\/div>\n<div class=\"col-md-4\">\n   <label><span class=\"wpcf7-form-control-wrap municipio\"><input type=\"text\" name=\"municipio\" value=\"\" size=\"40\" class=\"wpcf7-form-control wpcf7-text wpcf7-validates-as-required municipio\" id=\"municipio\" aria-required=\"true\" aria-invalid=\"false\" placeholder=\"Munic\u00edpio:\" \/><\/span><\/label>\n<\/div>\n<div class=\"col-md-4\">\n   <label><span class=\"wpcf7-form-control-wrap estado\"><input type=\"text\" name=\"estado\" value=\"\" size=\"40\" class=\"wpcf7-form-control wpcf7-text wpcf7-validates-as-required estado\" id=\"estado\" aria-required=\"true\" aria-invalid=\"false\" placeholder=\"Estado:\" \/><\/span><\/label>\n<\/div>\n<div class=\"col-md-4\">\n   <label><span class=\"wpcf7-form-control-wrap cep\"><input type=\"text\" name=\"cep\" value=\"\" size=\"40\" class=\"wpcf7-form-control wpcf7-text wpcf7-validates-as-required cep\" id=\"cep\" aria-required=\"true\" aria-invalid=\"false\" placeholder=\"CEP:\" \/><\/span><\/label>\n<\/div>\n<div class=\"clearfix\"><\/div>\n<div class=\"col-md-6\">\n   <label><span class=\"wpcf7-form-control-wrap cpf\"><input type=\"text\" name=\"cpf\" value=\"\" size=\"40\" class=\"wpcf7-form-control wpcf7-text wpcf7-validates-as-required cpf\" id=\"cpf\" aria-required=\"true\" aria-invalid=\"false\" placeholder=\"CPF:\" \/><\/span><\/label>\n<\/div>\n<div class=\"col-md-6\">\n   <label><span class=\"wpcf7-form-control-wrap email\"><input type=\"text\" name=\"email\" value=\"\" size=\"40\" class=\"wpcf7-form-control wpcf7-text wpcf7-validates-as-required email\" id=\"email\" aria-required=\"true\" aria-invalid=\"false\" placeholder=\"E-mail:\" \/><\/span><\/label>\n<\/div>\n<div class=\"clearfix\"><\/div>\n<div class=\"col-md-6\">\n   <label><span class=\"wpcf7-form-control-wrap telefone\"><input type=\"text\" name=\"telefone\" value=\"\" size=\"40\" class=\"wpcf7-form-control wpcf7-text wpcf7-validates-as-required telefone\" id=\"telefone\" aria-required=\"true\" aria-invalid=\"false\" placeholder=\"Telefone:\" \/><\/span><\/label>\n<\/div>\n<div class=\"col-md-6\">\n   <label><span class=\"wpcf7-form-control-wrap celular\"><input type=\"text\" name=\"celular\" value=\"\" size=\"40\" class=\"wpcf7-form-control wpcf7-text wpcf7-validates-as-required celular\" id=\"celular\" aria-required=\"true\" aria-invalid=\"false\" placeholder=\"Celular:\" \/><\/span><\/label>\n<\/div>\n<div class=\"clearfix\"><\/div>\n<div class=\"col-md-12\">\n<label for=\"escolhausuario\" class=\"label_for_escolhausuario\" style=\"color: #000;\">Sexo<\/label><br \/>\n<span class=\"wpcf7-form-control-wrap radio-878\"><span class=\"wpcf7-form-control wpcf7-radio escolhausuario\" id=\"escolhausuario\"><span class=\"wpcf7-list-item first\"><label><input type=\"radio\" name=\"radio-878\" value=\"Masculino\" \/><span class=\"wpcf7-list-item-label\">Masculino<\/span><\/label><\/span><span class=\"wpcf7-list-item\"><label><input type=\"radio\" name=\"radio-878\" value=\"Feminino\" \/><span class=\"wpcf7-list-item-label\">Feminino<\/span><\/label><\/span><span class=\"wpcf7-list-item last\"><label><input type=\"radio\" name=\"radio-878\" value=\"Outro\" \/><span class=\"wpcf7-list-item-label\">Outro<\/span><\/label><\/span><\/span><\/span>\n<\/div>\n<div class=\"clearfix\"><\/div>\n<div class=\"col-md-12\">\n<label for=\"vinculo\" class=\"label_for_vinculo\" style=\"color: #000;\">Voc\u00ea possui v\u00ednculo com alguma escola, centro comunit\u00e1rio ou ONG?<\/label><br \/>\n<span class=\"wpcf7-form-control-wrap radio-879\"><span class=\"wpcf7-form-control wpcf7-radio vinculo\" id=\"vinculo\"><span class=\"wpcf7-list-item first\"><label><input type=\"radio\" name=\"radio-879\" value=\"Sim\" \/><span class=\"wpcf7-list-item-label\">Sim<\/span><\/label><\/span><span class=\"wpcf7-list-item last\"><label><input type=\"radio\" name=\"radio-879\" value=\"N\u00e3o\" \/><span class=\"wpcf7-list-item-label\">N\u00e3o<\/span><\/label><\/span><\/span><\/span>\n<\/div>\n<div class=\"clearfix\"><\/div>\n<div class=\"col-md-12\">\n   <label><span class=\"wpcf7-form-control-wrap nomeinstituicao\"><input type=\"text\" name=\"nomeinstituicao\" value=\"\" size=\"40\" class=\"wpcf7-form-control wpcf7-text wpcf7-validates-as-required nomeinstituicao\" id=\"nomeinstituicao\" aria-required=\"true\" aria-invalid=\"false\" placeholder=\"Nome da inst\u00edtui\u00e7\u00e3o:\" \/><\/span><\/label>\n<\/div>\n<div class=\"clearfix\"><\/div>\n<div class=\"col-md-12\">\n   <label for=\"cargo\" class=\"label_for_cargo\" style=\"color: #000;\">Cargo que ocupa<\/label><br \/>\n   <span class=\"wpcf7-form-control-wrap cargo\"><span class=\"wpcf7-form-control wpcf7-checkbox wpcf7-validates-as-required\"><span class=\"wpcf7-list-item first\"><input type=\"checkbox\" name=\"cargo[]\" value=\"Professor\" \/><span class=\"wpcf7-list-item-label\">Professor<\/span><\/span><span class=\"wpcf7-list-item\"><input type=\"checkbox\" name=\"cargo[]\" value=\"Diretor\" \/><span class=\"wpcf7-list-item-label\">Diretor<\/span><\/span><span class=\"wpcf7-list-item\"><input type=\"checkbox\" name=\"cargo[]\" value=\"Coordenador\" \/><span class=\"wpcf7-list-item-label\">Coordenador<\/span><\/span><span class=\"wpcf7-list-item\"><input type=\"checkbox\" name=\"cargo[]\" value=\"Respons\u00e1vel\" \/><span class=\"wpcf7-list-item-label\">Respons\u00e1vel<\/span><\/span><span class=\"wpcf7-list-item\"><input type=\"checkbox\" name=\"cargo[]\" value=\"Agente de sa\u00fade\" \/><span class=\"wpcf7-list-item-label\">Agente de sa\u00fade<\/span><\/span><span class=\"wpcf7-list-item\"><input type=\"checkbox\" name=\"cargo[]\" value=\"Agente da Secretaria da Educa\u00e7\u00e3o\" \/><span class=\"wpcf7-list-item-label\">Agente da Secretaria da Educa\u00e7\u00e3o<\/span><\/span><span class=\"wpcf7-list-item\"><input type=\"checkbox\" name=\"cargo[]\" value=\"Conselheiro tutelar\" \/><span class=\"wpcf7-list-item-label\">Conselheiro tutelar<\/span><\/span><span class=\"wpcf7-list-item last\"><input type=\"checkbox\" name=\"cargo[]\" value=\"Outro\" \/><span class=\"wpcf7-list-item-label\">Outro<\/span><\/span><\/span><\/span><br \/>\n<br>\n<\/div>\n<div class=\"clearfix\"><\/div>\n<div class=\"col-md-12\">\n   <label><span class=\"wpcf7-form-control-wrap outro\"><input type=\"text\" name=\"outro\" value=\"\" size=\"40\" class=\"wpcf7-form-control wpcf7-text outro\" id=\"outro\" aria-invalid=\"false\" placeholder=\"Cargo:\" \/><\/span><\/label>\n<\/div>\n<div class=\"clearfix\"><\/div>\n<div class=\"col-md-5\" style=\"padding-right: 0; width: 37.666667%;\">\n   <label for=\"numero_alunos\" style=\"color: #000; padding: 20px 0;\">N\u00famero de alunos que ser\u00e3o atingidos:<\/label>\n<\/div>\n<div class=\"col-md-2\" style=\"padding-left: 0;\">\n   <span class=\"wpcf7-form-control-wrap numero_alunos\"><input type=\"text\" name=\"numero_alunos\" value=\"\" size=\"40\" class=\"wpcf7-form-control wpcf7-text numero_alunos\" id=\"numero_alunos\" aria-invalid=\"false\" \/><\/span>\n<\/div>\n<div class=\"col-md-1\" style=\"width: 12.333%;\">\n<\/div>\n<div class=\"col-md-2\">\n   <label for=\"numero_alunos\" style=\"color: #000; padding: 20px 0;\">Faixa et\u00e1ria:<\/label>\n<\/div>\n<div class=\"col-md-2\" style=\"padding-left: 0;\">\n   <span class=\"wpcf7-form-control-wrap faixa_etaria\"><input type=\"text\" name=\"faixa_etaria\" value=\"\" size=\"40\" class=\"wpcf7-form-control wpcf7-text faixa_etaria\" id=\"faixa_etaria\" aria-invalid=\"false\" \/><\/span>\n<\/div>\n<div class=\"clearfix\"><\/div>\n<p><br><\/p>\n<div class=\"col-md-12\">\n   <label for=\"instalacoes\" class=\"label_for_instalacoes\" style=\"color: #000;\">Instala\u00e7\u00f5es oferecidas<\/label><br \/>\n   <span class=\"wpcf7-form-control-wrap instalacoes\"><span class=\"wpcf7-form-control wpcf7-checkbox wpcf7-validates-as-required\"><span class=\"wpcf7-list-item first\"><input type=\"checkbox\" name=\"instalacoes[]\" value=\"Anfiteatro\" \/><span class=\"wpcf7-list-item-label\">Anfiteatro<\/span><\/span><span class=\"wpcf7-list-item\"><input type=\"checkbox\" name=\"instalacoes[]\" value=\"P\u00e1tio interno\" \/><span class=\"wpcf7-list-item-label\">P\u00e1tio interno<\/span><\/span><span class=\"wpcf7-list-item\"><input type=\"checkbox\" name=\"instalacoes[]\" value=\"Teatro\" \/><span class=\"wpcf7-list-item-label\">Teatro<\/span><\/span><span class=\"wpcf7-list-item last\"><input type=\"checkbox\" name=\"instalacoes[]\" value=\"Outro\" \/><span class=\"wpcf7-list-item-label\">Outro<\/span><\/span><\/span><\/span><br \/>\n<br>\n<\/div>\n<div class=\"clearfix\"><\/div>\n<div class=\"col-md-9\">\n   <label><span class=\"wpcf7-form-control-wrap instalacao\"><input type=\"text\" name=\"instalacao\" value=\"\" size=\"40\" class=\"wpcf7-form-control wpcf7-text outro\" id=\"outro\" aria-invalid=\"false\" placeholder=\"Instala\u00e7\u00e3o:\" \/><\/span><\/label>\n<\/div>\n<div class=\"col-md-3\">\n     <label><span class=\"wpcf7-form-control-wrap capacidade\"><input type=\"text\" name=\"capacidade\" value=\"\" size=\"40\" class=\"wpcf7-form-control wpcf7-text capacidade\" id=\"capacidade\" aria-invalid=\"false\" placeholder=\"Capacidade:\" \/><\/span><\/label>\n<\/div>\n<div class=\"clearfix\"><\/div>\n<div class=\"col-md-12\">\n     <label><span class=\"wpcf7-form-control-wrap equipamento\"><textarea name=\"equipamento\" cols=\"40\" rows=\"10\" class=\"wpcf7-form-control wpcf7-textarea wpcf7-validates-as-required equipamento\" id=\"equipamento\" aria-required=\"true\" aria-invalid=\"false\" placeholder=\"Equipamentos dispon\u00edveis\"><\/textarea><\/span><\/label>\n<\/div>\n<div class=\"clearfix\"><\/div>\n<div class=\"col-md-12\">\n     <label><span class=\"wpcf7-form-control-wrap apresentacao\"><textarea name=\"apresentacao\" cols=\"40\" rows=\"10\" class=\"wpcf7-form-control wpcf7-textarea wpcf7-validates-as-required apresentacao\" id=\"apresentacao\" aria-required=\"true\" aria-invalid=\"false\" placeholder=\"Quem dever\u00e1 acompanhar a apresenta\u00e7\u00e3o\"><\/textarea><\/span><\/label>\n<\/div>\n<div class=\"clearfix\"><\/div>\n<div class=\"col-sm-12 col-lg-12 col-md-12 col-xs-12\">\n    <input type=\"submit\" value=\"Enviar\" class=\"wpcf7-form-control wpcf7-submit enviar\" id=\"enviar\" \/>\n<\/div>\n<div class=\"clearfix\"><\/div>\n<div class=\"wpcf7-response-output\" aria-hidden=\"true\"><\/div><\/form><\/div><\/div>\n\t\t\t\t<\/div>\n\t\t\t\t<\/div>\n\t\t\t\t\t<\/div>\n\t\t<\/div>\n\t\t\t\t\t\t\t<\/div>\n\t\t<\/section>\n\t\t\t\t\t\t<\/div>\n\t\t\t\t\t<\/div>\n\t\t","protected":false},"excerpt":{"rendered":"<p>Cadastre-se aqui para receber o projeto na sua institui\u00e7\u00e3o<\/p>\n","protected":false},"author":1,"featured_media":0,"parent":0,"menu_order":0,"comment_status":"closed","ping_status":"closed","template":"","meta":[],"_links":{"self":[{"href":"https:\/\/www.eutenhovoz.com.br\/projetoeutenhovoznarede\/wp-json\/wp\/v2\/pages\/123"}],"collection":[{"href":"https:\/\/www.eutenhovoz.com.br\/projetoeutenhovoznarede\/wp-json\/wp\/v2\/pages"}],"about":[{"href":"https:\/\/www.eutenhovoz.com.br\/projetoeutenhovoznarede\/wp-json\/wp\/v2\/types\/page"}],"author":[{"embeddable":true,"href":"https:\/\/www.eutenhovoz.com.br\/projetoeutenhovoznarede\/wp-json\/wp\/v2\/users\/1"}],"replies":[{"embeddable":true,"href":"https:\/\/www.eutenhovoz.com.br\/projetoeutenhovoznarede\/wp-json\/wp\/v2\/comments?post=123"}],"version-history":[{"count":21,"href":"https:\/\/www.eutenhovoz.com.br\/projetoeutenhovoznarede\/wp-json\/wp\/v2\/pages\/123\/revisions"}],"predecessor-version":[{"id":298,"href":"https:\/\/www.eutenhovoz.com.br\/projetoeutenhovoznarede\/wp-json\/wp\/v2\/pages\/123\/revisions\/298"}],"wp:attachment":[{"href":"https:\/\/www.eutenhovoz.com.br\/projetoeutenhovoznarede\/wp-json\/wp\/v2\/media?parent=123"}],"curies":[{"name":"wp","href":"https:\/\/api.w.org\/{rel}","templated":true}]}}